he units digit of (j/5)/((-3)/(-10))?
6
Suppose 5 = 2*c + 25. Let h = c - -22. What is the units digit of h?
2
Let h(n) = -8*n + 8. What is the units digit of h(-6)?
6
What is the units digit of (2/3)/(30/11745) - 4?
7
Let x = -4 + 6. What is the units digit of x?
2
Suppose 6 = -5*o + 21. Suppose 0*m = o*m - 87. What is the tens digit of m?
2
What is the units digit of (7 + -3)/(3/6)?
8
Let n = 171 + 3. What is the hundreds digit of n?
1
Suppose 4*t = -2*m + 90, 2*m - m - 30 = -5*t. Suppose -5*x + 3*b + m = 0, 0 = 4*x + 3*b - b - 22. What is the units digit of x?
8
Suppose 4*h + 0 = 12. Let s(j) = 7*j**2 - j - 13. Let u(n) = 4*n**2 - 7. Let v(r) = -3*s(r) + 5*u(r). What is the units digit of v(h)?
4
Let g = -45 - -152. What is the hundreds digit of g?
1
Suppose 14 = -3*a - 5*c, 0*c - 10 = 4*a - 2*c. Let t = a + 1. Let k(r) = -r**3 - 2*r**2 - 3*r. What is the units digit of k(t)?
6
Let d(u) = -3*u + 4. Let n(p) = 7*p - 9. Let m be -2 - (1 + -2 - 10). Let y(f) = m*d(f) + 4*n(f). What is the units digit of y(8)?
8
Suppose 3*f + 52 = -f. Let i = -8 - f. What is the units digit of i?
5
What is the units digit of (-1452)/(-30) + 4/(-10)?
8
Let x(t) = -5*t**2. Let z be x(1). Let n = 12 + z. What is the units digit of n?
7
Let i(y) = -y**2 + 11*y - 2. Let w be i(11). What is the units digit of (2 + w*10)/(-2)?
9
Let c be ((-7)/3 - -2)*-177. Suppose 4*p - c = -5*g, 6*g + 104 = 4*p + 2*g. What is the tens digit of p?
2
Let u = 16 + -8. Let w = -4 + u. What is the units digit of w?
4
Let l = 294 - 102. What is the units digit of l?
2
Suppose 5*z = -b + 18, -z + 3 = -1. Let s be (2 + -2)/(b/2). Suppose a - 4 = -s*a. What is the units digit of a?
4
Suppose 547 = 2*t - 165. What is the tens digit of t?
5
Let m(j) = j - 32*j - 6 + 7. What is the units digit of m(-1)?
2
Suppose -5*p + 97 = 2*a - 61, a - 79 = p. What is the units digit of a?
9
Let b be (2 - 1)*(-3 + 5). Let y be ((-105)/10)/(b/(-8)). Suppose 0 = 4*j - 14 - y. What is the tens digit of j?
1
Let g be 4*1 - (-3 + 2). Let h(i) = 0 - 4*i**2 - 1 + g*i**2 + i. What is the units digit of h(-2)?
1
Let b(z) = -3*z**2 + 3*z + 3. Let x = -3 - -1. Let q be b(x). What is the tens digit of (-4)/10 + (-171)/q?
1
Suppose -3*f - 2 - 49 = 4*c, 0 = -3*c - 2*f - 38. Let k = 39 + c. Suppose -5*i + 23 + k = 0. What is the tens digit of i?
1
Let y be 37/7 - (-8)/(-28). Suppose -y = 4*r - 25. What is the units digit of r?
5
Let j(n) be the second derivative of n + 0 - n**2 - 1/3*n**3 + 1/4*n**4. What is the units digit of j(2)?
6
Suppose 2*l + 0*l - 5*g - 598 = 0, -4*g - 598 = -2*l. What is the tens digit of l?
9
Let a be 4/(-5)*25/(-10). Suppose a = -5*r + 22. What is the units digit of (10/r)/5*8?
4
Let g(n) = -15*n - 5. Suppose -6*u + 10 - 28 = 0. What is the tens digit of g(u)?
4
Let o(l) = l**2 + 5*l + 4. Let r be o(-3). Let v be (-1)/(-4)*r*-54. What is the tens digit of 3/(-2) - v/(-2)?
1
Let d = 6 - 6. Suppose -5*c + 5*t + 0*t - 40 = d, 2*t = -5*c - 61. Let u = 29 + c. What is the units digit of u?
8
Let b(z) = z**2 + z + 1. Let u be b(3). Let p = -9 + u. What is the units digit of p?
4
Suppose 3*q = 139 - 19. What is the units digit of q?
0
Let a = 40 - 9. Suppose -2*k = 9 - a. What is the tens digit of k?
1
Suppose 0 = -2*f - 2*f - 16. Let u(i) = -3*i - 4. Let k be u(-3). Let r = f + k. What is the units digit of r?
1
Let c(x) = -5*x - 3. What is the units digit of c(-6)?
7
Let i = 4 - 2. Let j = -2 - -20. Let g = j + i. What is the units digit of g?
0
Suppose 0 = 3*k - 4*k + 8. What is the tens digit of (8/5)/(k/100)?
2
What is the units digit of (-4)/(1/(20/(-8)))?
0
Suppose 0 = -w - b + 4, 4*w + 0*w - 4*b = 8. Suppose 0 = -3*o - 0*o + 5*z + 4, 0 = -w*o - z + 10. What is the units digit of o?
3
Let r(j) = -12*j + 3. Let x(h) = -h + 1. Let l(o) = r(o) - 4*x(o). What is the units digit of l(-4)?
1
Let y(o) = o**3 - 3*o + 1. Let z be y(2). Suppose -4*c = z*l - 7*c - 51, -2*l + 38 = -c. What is the units digit of l?
1
Let c = -12 + 10. Let a(h) = -12*h + 1. What is the units digit of a(c)?
5
What is the tens digit of (4/(-18) - 169/(-234))*28?
1
Suppose 2*v = 3*v - 6. What is the tens digit of 57/v + 6/4?
1
Let o = 59 + -35. What is the tens digit of o?
2
Let o be -2 - (-3 - (-1 + 2)). Suppose -5*n + 30 = 4*y - 45, -4*y = -o*n + 58. What is the units digit of n?
9
Let j = 60 + -16. Suppose -i - j = -5*i. What is the tens digit of i?
1
Let p = 10 + -7. Let l(r) = -p*r - 1 + 6*r - 4*r. What is the units digit of l(-2)?
1
Let t(u) = 2*u + 26. What is the tens digit of t(9)?
4
Suppose 4*o = 6*o - 74. Suppose c + z = o, 0 = 5*c + 2*z + 2*z - 183. What is the units digit of c?
5
Let m(y) = -2*y - 4. Let h be m(-3). Let g = 9 - h. What is the units digit of g?
7
Suppose 12 = -48*b + 45*b. Let m be 2 + -1 + 1 - 16. Let r = b - m. What is the units digit of r?
0
Suppose 0*w = 2*w + 2. What is the units digit of ((-6)/(-9))/w*-36?
4
Let j(z) = -2*z - 4. Let p be j(-4). Suppose -21 = -3*x - 6, 0 = -p*b + 3*x + 21. What is the units digit of b?
9
Let l be 6/5*20/3. Suppose 2*v = -2*v + l. What is the units digit of v?
2
Suppose -6*k + 4*k + 60 = 0. What is the tens digit of k?
3
Suppose 0 = 4*n - n - 15. Suppose -3*t + 37 = n*j, -2 = -4*t + t + 2*j. Suppose 0 = t*i - 2*y - 36, 0 = -3*i - 0*i + 4*y + 37. What is the units digit of i?
7
Suppose 2115 = -3*t + 18*t. What is the units digit of t?
1
Let i be 1308/18 + (-2)/(-6). Let n = i - 38. What is the units digit of n?
5
Suppose 348 - 120 = 3*w. What is the units digit of w?
6
Let w = 40 - -2. Suppose 0*z + w = 2*z. What is the units digit of z?
1
Suppose 3*a + 2*a = 3*q - 202, 4*a = 4*q - 272. Suppose -3*f = 9 - q. What is the tens digit of f?
2
Let t(n) = -n + 7. Let r be t(3). Let h(d) = 7*d - 5. Let l be h(7). Suppose -k + 15 = a, -a + 2*k = -r*a + l. What is the tens digit of a?
1
Suppose 0*c + c = -5*p + 212, 0 = -2*c - 6. What is the units digit of p?
3
What is the tens digit of 8856/126 + ((-18)/14 - -1)?
7
Suppose 4*s - 136 = -2*p + p, 0 = -2*s + 8. Suppose -4*z = -z - p. What is the units digit of z?
0
Let z = 363 - 237. What is the tens digit of z?
2
Suppose 3*q - 4 = 8, -3*q + 4 = 2*c. What is the tens digit of c/14 - (-1210)/70?
1
Let c(k) = -k**3 + 4*k**2 + k + 4. Suppose -4*i = -0*i - 16. What is the units digit of c(i)?
8
Let j = 0 - -5. Suppose -3*d + 11 - j = 0. What is the units digit of d?
2
Let y(f) = 30*f**3 - 2*f**2 + 3*f - 1. What is the tens digit of y(1)?
3
Suppose 0 = -5*c + 4*d + 154, -5*d + d - 120 = -4*c. What is the units digit of (-4)/6 - c/(-6)?
5
Let c(x) = -10*x - 8. Let l be c(5). Let t = l + 81. What is the units digit of t?
3
Let s(p) = -p + 10. Let a be 8 + 3*(-4)/3. What is the units digit of s(a)?
6
Let d = 16 - -10. What is the units digit of d?
6
Suppose 5*g - 175 = 5*t, 109 = 4*g + 3*t - 31. What is the tens digit of g?
3
Let u be 1 + 2 - (3 - 4). Let s(f) = 2*f**2 - 6*f**2 + u + 3*f**2 + 5*f + 2*f**2. What is the tens digit of s(-6)?
1
Suppose 7*w - 3*w = -4, -4*w + 17 = 3*y. What is the units digit of y?
7
Let z(m) be the first derivative of m**4/4 + 7*m**3/3 + 5*m**2/2 - 6*m + 3. Let l be z(-6). Let w(d) = -d**2 + d + 4. What is the units digit of w(l)?
4
Suppose -5*a - 44 = -3*f, 0 = 3*f + 4*a - 9 - 26. What is the units digit of f?
3
Let d = 22 - 21. What is the units digit of d?
1
Suppose t + 3*t = 20. Suppose 3*x + 4 = t*x. What is the units digit of x?
2
Let k = -9 - -23. What is the units digit of k?
4
Let y(f) = f**2 + 10*f + 10. Let r be y(-10). Let a = r - 8. What is the units digit of a?
2
Let p(t) = 2*t**3 - 2*t**2 + 2*t + 5. What is the tens digit of p(3)?
4
Suppose -2*t + 6 = f, 2*f + 15 = 5*t + 7*f. Suppose 0*g - g + t = 0. Suppose -3*n + 15 = -g*b, -2*n - 3*b = -b - 10. What is the units digit of n?
5
Suppose -2*i = -i - 52. Suppose -j = -3*l - 19, 3*j + j - 4*l = i. Let g = j - 7. What is the units digit of g?
3
Suppose 48 = 4*r - 8. Let w be r/5*(-6 + 1). Let m = 3 - w. What is the units digit of m?
7
Let y be 7 + 2 + 20/(-4). Suppose y*u - 4*c = 5*u, 5*c + 45 = u. What is the tens digit of u?
2
Let u be 51 + (1 + 2 - 0). Let r = 90 - u. What is the tens digit of r?
3
Suppose -2*h = -1 - 3. Suppose -4*z - h + 14 = 0. What is the units digit of z*4/3 + 1?
5
Let h(t) = -5*t**3 + t**2 - t. Let f be h(1). Let